Is (8/10)/((-10122)/(-10110) - 1) composite?
True
Let q be 0 - 4/(2 + -4). Suppose 0 = -q*j + 3*j - 16. Suppose 2*p = 2*w - 276 + j, 4*w - 526 = -2*p. Is w prime?
True
Suppose f = b - 34914, 2*b + f - 71087 + 1262 = 0. Is b composite?
False
Suppose 0 = -16*q + 20*q - 6028. Is q composite?
True
Let n(p) = -130*p + 5. Let u(o) = -7*o**2 - 5*o**2 + 2 + 9*o**2 - 2*o. Let d be u(1). Is n(d) a composite number?
True
Is ((-2003352)/(-14))/6 - 27/63 prime?
False
Is (-2)/((-2)/(-44818)*(-114)/57) a composite number?
False
Suppose 0 = 2*t - 5 - 1. Suppose 0 = -t*c + 2*l + 8, -4*l - 4 = 0. Suppose 0 = -4*x - 5*a + 333, x = -4*a + c*a + 87. Is x composite?
True
Let m be (4/10)/(5/(-100)). Let v be (314 - m/2) + 0. Suppose v - 1156 = -2*q. Is q a prime number?
True
Let m(x) = x**3 - 2*x**2 + 10*x - 6. Let d be m(6). Suppose l - d = 5*h, -l - 2*h - 204 = -2*l. Let g = l + -87. Is g a composite number?
True
Let t = -1075 + 3248. Is t a prime number?
False
Let x = 226 - 34. Let f = -359 - -252. Let d = f + x. Is d prime?
False
Let o be (4/(-5))/(2/(-25)). Is (9 - o)*(-1 + -862) a composite number?
False
Suppose 4*m - 100584 - 86692 = 0. Is m composite?
False
Let r(t) = 161*t**2 + 15*t - 73. Is r(-10) composite?
False
Suppose 7*m - 8*m + 15744 = 4*c, -c + 3*m = -3923. Is c a composite number?
True
Let k(a) = -223*a**3 - a**2 - a. Let v = 19 - 20. Is k(v) a prime number?
True
Suppose i = 4*n - 6255, 0 = 12*n - 8*n. Is (-20)/35 - i/7 prime?
False
Let t = -5267 + 10036. Is t a composite number?
True
Let h = 45 + -41. Suppose -h*z + 2570 = -978. Is z prime?
True
Let u = -991 - -528. Let n(r) = -4*r**3 + 5*r**2 + r + 1. Let j be n(2). Is j/12 + u/(-4) composite?
True
Let i = -31 - -40. Suppose i*x + 1045 = 3322. Is x composite?
True
Suppose -7*m + 168042 = 7*m. Is m a prime number?
False
Let u(a) = -146*a + 22. Let k(b) = -291*b + 43. Let g(o) = 3*k(o) - 7*u(o). Is g(6) prime?
False
Let a(k) = k**3 + k**2 - k + 1359. Let b be a(0). Let i(g) = -3*g + 184. Let q be i(7). Suppose 4*v = -q + b. Is v composite?
True
Suppose 0 = -t - 2*c - c + 12, 0 = -3*c + 12. Suppose -v + 794 - 237 = t. Is v prime?
True
Is (-11 - -1) + 20 + 51439 prime?
True
Let m(u) = 23*u + 2. Let t be m(6). Suppose -t = -3*r - 5*x, 3*x - 6*x = -3*r + 180. Is r prime?
False
Let j = 12269 + -6971. Suppose 2*z - w - j = -0*z, -4*z + 10616 = 3*w. Is z composite?
True
Let t = -10 + 11. Suppose 3*l + 3*x - 4782 = 0, -x - 1 - t = 0. Is l/8*(-2)/(-3) composite?
True
Is (1/(-1))/((-33)/36993) prime?
False
Let s = 35 - 18. Suppose 4*r = -z + s, -4*z + 6 = 18. Suppose -l - 3*h = h - 179, -835 = -5*l - r*h. Is l composite?
False
Let n(r) = -22*r**3 - 9*r**2 + 2*r - 34. Is n(-7) a prime number?
True
Let h(z) = -136*z + 201. Is h(-56) a prime number?
True
Suppose 11*x = 16*x - 3*v - 251029, -2*v = x - 50211. Is x composite?
False
Let p be 2/(-6)*3*-74. Suppose 3*u - 364 = -5*a, 2*a - 74 = -2*u + p. Is a a prime number?
True
Let t = -336 + 2129. Is t a prime number?
False
Suppose 1516 = -16*j + 20*j. Let h = j - 128. Is h prime?
True
Let z = 3 + 0. Suppose 0 = -z*o + 9 - 0, 2*o + 4 = -5*p. Is (-227)/(-2) - p/(-4) a prime number?
True
Let g(d) = 16*d - 11. Let q be (-5)/((-20)/(-8))*(-6)/4. Is g(q) prime?
True
Suppose -33*z = -55*z + 148082. Is z composite?
True
Suppose -4*d - 1 = 7. Let u(x) = -186*x - 6. Let o be u(d). Let p = -257 + o. Is p prime?
True
Suppose 4 = -3*v + 13. Suppose -v*f + 246 = 45. Suppose 0*a - 5*i + 41 = 4*a, i = -5*a + f. Is a composite?
True
Let z(b) = b**3 - 4*b**2 + 5*b + 7. Let s(o) be the third derivative of o**5/60 + o**4/12 - o**3/2 + 8*o**2. Let m be s(-4). Is z(m) prime?
False
Suppose 8*g - 4*g = -12, -2*v + 5651 = g. Is v composite?
True
Let d = 143 + 108. Is d prime?
True
Suppose 5*p = -2*q + 139, -5*p + q + 133 = -0*q. Let x = -24 + p. Suppose 973 = 5*k + 2*t + 246, -3 = -x*t. Is k a prime number?
False
Let g = -26 + 26. Let l(k) = 35*k + 6 + g - 2. Is l(3) prime?
True
Let w be 77/91 + (-4)/(-26) + 2. Is 7/(4/204*w) a prime number?
False
Is 2*(-3)/48*-22*524 a prime number?
False
Let d = 2303 - -54. Is d composite?
False
Let h(m) be the third derivative of 37*m**6/120 - m**5/20 + m**4/12 - 7*m**3/6 - 16*m**2. Is h(4) a prime number?
False
Suppose 3*m + 1547 = -2*b + 21794, -2*m = -5*b - 13517. Is m prime?
False
Let n(y) = y**3 - 11*y**2 + 2*y - 9. Let x be n(11). Let j be (-670)/(-3) - x/39. Let t = -96 + j. Is t a prime number?
True
Is 2/(-2) + ((-3)/(-1) - -84683) prime?
False
Let i(p) be the second derivative of p**6/240 + 13*p**5/120 - 3*p**4/4 - 14*p. Let m(n) be the third derivative of i(n). Is m(6) prime?
True
Suppose 82*c = 50*c + 606304. Is c composite?
False
Let d = -1711 - -2712. Let t = 2 - -2. Suppose 0 = -t*l + 27 + d. Is l composite?
False
Let y = -1141 - -5363. Is y composite?
True
Let b = -853 + 3306. Is b composite?
True
Suppose -4*l + 15 = -21. Suppose 6*m + 555 = l*m + 2*d, -4*d = 12. Is m prime?
False
Let q be (10/4 - 2)/((-2)/(-32)). Suppose -q*l - 2031 = -11*l. Is l a composite number?
False
Suppose 0 = 3*v + 12, 2*g - 385 = 3*v + 14905. Is g a prime number?
True
Let m = 33446 - 20065. Is m composite?
False
Let f(s) = 248*s - 8. Let y(n) = -249*n + 7. Let a(k) = -4*f(k) - 5*y(k). Is a(5) composite?
True
Let n be (-4)/(-30) - (-21668)/(-60). Let u = n - -520. Is u a prime number?
False
Let z(v) = v**3 + 6*v**2 + 12*v + 16. Let b be z(-4). Let u(m) = -107*m - 2. Let w be u(-2). Suppose b = 3*h + h - w. Is h a composite number?
False
Suppose -2*u - 2*s = -u - 481, -u + s = -481. Is u a prime number?
False
Let z = -1686 - -5930. Suppose 0 = 7*w - z - 49005. Is w prime?
True
Suppose -2*j - 3*i = -20, 0 = -j + i - 2*i + 8. Suppose j*u + 4*u = 1480. Suppose c + u = 6*c. Is c prime?
True
Is 8*7/(-588) + (-223906)/(-42) a composite number?
True
Let c(p) = -4072*p - 699. Is c(-5) a composite number?
False
Suppose 0 = -2*l - 7*m + 3*m + 1912, -5*l + m = -4813. Let b = 1969 - l. Is b a composite number?
True
Let s(m) = 17*m**2 - 58*m - 296. Is s(-35) a composite number?
True
Let j(o) = 2*o**2 + 4*o + 5. Suppose 12 = -h + 1. Is j(h) a composite number?
True
Let v = -7 + 13. Suppose v*h - 11*h = -745. Is h composite?
False
Let o(l) = -132*l + 39. Let u = -113 + 104. Is o(u) a prime number?
False
Suppose v = 63 + 54. Let t = v - 26. Is t composite?
True
Let j(s) be the first derivative of s**3 + 289*s - 1. Is j(0) composite?
True
Suppose 0 = 9*o - 8*o + 371. Let q = o + 2496. Suppose -5*s + q = -3940. Is s a prime number?
True
Suppose r = 5*t - 46, 2*t + 5 = -r - 20. Let v = 34 + r. Suppose v*b - 1952 = 61. Is b prime?
False
Suppose 21*r - 171583 + 66982 = 0. Is r prime?
False
Suppose -26*g + 144 = 10*g. Let v be (-4)/(-14) - (-30)/(-7). Is v/16 - (-1365)/g prime?
False
Let w(t) = 10*t**2 + 3*t - 2. Suppose 0 = -d - 23 + 28. Is w(d) composite?
False
Suppose 10620 = 10*r - 57640. Is r a composite number?
True
Suppose 0 = -30*f + 58152 + 19218. Is f prime?
True
Let z(b) = 0 - 118*b - 115*b + 23*b + 4. Let f be z(-3). Suppose 473 = 3*u - 5*s, 3*s = 4*u - 2*s - f. Is u composite?
True
Let b = -49 + 80. Suppose 5*z + 24 = -b. Let f = 66 - z. Is f a prime number?
False
Suppose 62363 + 9544 = 33*y. Is y a prime number?
True
Let a(v) = -789*v**3 - v**2 + 18*v + 3. Is a(-4) prime?
True
Is 9*(-8)/(-396) - 23967/(-11) prime?
True
Let b be -1*(19450/(-5) + 3). Suppose -366 = -2*p + z + 1193, -b = -5*p - z. Is p prime?
False
Let s(u) = 1072*u + 279. Is s(32) prime?
True
Let p = 1085 + -140. Let m = -1600 + 926. Let y = p + m. Is y a composite number?
False
Suppose 10 = -16*a + 11*a. Is 140 - a - (3 + (1 - 3)) a prime number?
False
Let i be 7 + -7 + (1 - -1). Suppose 0 = q - i*q + 13. Is q/(-6)*-3*2 composite?
False
Let w be ((-8)/12)/((-3)/(-9)). Let i be w/(-9) + 125/45. Suppose -2*h = 5*b - 337, 4*b - i = 3*b. Is h composite?
True
Let i(h) = h**3 - 5*h**2 + h + 3. Let a be i(5). Suppose -a - 12 = -5*j. Suppose w - x = -j*x + 43, 2*w - 2*x = 94. Is w a prime number?
False
Let o(u) = -u**2 + 5*u + 6. Let a be o(7). Let d be 1/(22/a - -3). Is 3 + 322 + d + -2 a composite number?
True
Let t be -5 + (-1 - -2) + 30 + -21. Let y(d) = 10*d**2 - 5*d - 4. Is y(t) prime?
False
Suppose -32*a + 34*a = -40. Let c(p) = -31*p + 11. Is c(a) composite?
False
Suppose 11*o = 976 + 25831. Is o a c